{"id":682,"date":"2025-03-13T20:20:26","date_gmt":"2025-03-13T18:20:26","guid":{"rendered":"https:\/\/elamankruunu.fi\/?page_id=682"},"modified":"2025-10-22T19:32:32","modified_gmt":"2025-10-22T16:32:32","slug":"ylipainehappihoito","status":"publish","type":"page","link":"https:\/\/elamankruunu.fi\/index.php\/ylipainehappihoito\/","title":{"rendered":"Ylipainehappihoito"},"content":{"rendered":"\t\t<div data-elementor-type=\"wp-page\" data-elementor-id=\"682\" class=\"elementor elementor-682\">\n\t\t\t\t<div class=\"elementor-element elementor-element-03be06d e-flex e-con-boxed e-con e-parent\" data-id=\"03be06d\" data-element_type=\"container\">\n\t\t\t\t\t<div class=\"e-con-inner\">\n\t\t\t\t<div class=\"elementor-element elementor-element-10e0702 elementor-hidden-desktop elementor-hidden-tablet elementor-widget elementor-widget-image\" data-id=\"10e0702\" data-element_type=\"widget\" data-widget_type=\"image.default\">\n\t\t\t\t<div class=\"elementor-widget-container\">\n\t\t\t\t\t\t\t\t\t\t\t\t\t\t\t\t<a href=\"https:\/\/elamankruunu.fi\/\">\n\t\t\t\t\t\t\t<img fetchpriority=\"high\" decoding=\"async\" width=\"1600\" height=\"686\" src=\"https:\/\/elamankruunu.fi\/wp-content\/uploads\/2025\/10\/Oveen1-e1744191492709.webp\" class=\"attachment-full size-full wp-image-1245\" alt=\"\" srcset=\"https:\/\/elamankruunu.fi\/wp-content\/uploads\/2025\/10\/Oveen1-e1744191492709.webp 1600w, https:\/\/elamankruunu.fi\/wp-content\/uploads\/2025\/10\/Oveen1-e1744191492709-300x129.webp 300w, https:\/\/elamankruunu.fi\/wp-content\/uploads\/2025\/10\/Oveen1-e1744191492709-1024x439.webp 1024w, https:\/\/elamankruunu.fi\/wp-content\/uploads\/2025\/10\/Oveen1-e1744191492709-768x329.webp 768w, https:\/\/elamankruunu.fi\/wp-content\/uploads\/2025\/10\/Oveen1-e1744191492709-1536x659.webp 1536w\" sizes=\"(max-width: 1600px) 100vw, 1600px\" \/>\t\t\t\t\t\t\t\t<\/a>\n\t\t\t\t\t\t\t\t\t\t\t\t\t\t\t<\/div>\n\t\t\t\t<\/div>\n\t\t\t\t\t<\/div>\n\t\t\t\t<\/div>\n\t\t<div class=\"elementor-element elementor-element-01c485d e-grid e-con-full e-transform e-transform e-con e-parent\" data-id=\"01c485d\" data-element_type=\"container\" data-settings=\"{&quot;_transform_translateY_effect&quot;:{&quot;unit&quot;:&quot;px&quot;,&quot;size&quot;:26,&quot;sizes&quot;:[]},&quot;_transform_scale_effect&quot;:{&quot;unit&quot;:&quot;px&quot;,&quot;size&quot;:1.2,&quot;sizes&quot;:[]},&quot;_transform_translateX_effect&quot;:{&quot;unit&quot;:&quot;px&quot;,&quot;size&quot;:&quot;&quot;,&quot;sizes&quot;:[]},&quot;_transform_translateX_effect_tablet&quot;:{&quot;unit&quot;:&quot;px&quot;,&quot;size&quot;:&quot;&quot;,&quot;sizes&quot;:[]},&quot;_transform_translateX_effect_mobile&quot;:{&quot;unit&quot;:&quot;px&quot;,&quot;size&quot;:&quot;&quot;,&quot;sizes&quot;:[]},&quot;_transform_translateY_effect_tablet&quot;:{&quot;unit&quot;:&quot;px&quot;,&quot;size&quot;:&quot;&quot;,&quot;sizes&quot;:[]},&quot;_transform_translateY_effect_mobile&quot;:{&quot;unit&quot;:&quot;px&quot;,&quot;size&quot;:&quot;&quot;,&quot;sizes&quot;:[]},&quot;_transform_scale_effect_tablet&quot;:{&quot;unit&quot;:&quot;px&quot;,&quot;size&quot;:&quot;&quot;,&quot;sizes&quot;:[]},&quot;_transform_scale_effect_mobile&quot;:{&quot;unit&quot;:&quot;px&quot;,&quot;size&quot;:&quot;&quot;,&quot;sizes&quot;:[]}}\">\n\t\t\t\t<div class=\"elementor-element elementor-element-638721a e-transform e-transform elementor-widget__width-inherit elementor-hidden-mobile elementor-widget elementor-widget-image\" data-id=\"638721a\" data-element_type=\"widget\" data-settings=\"{&quot;_transform_translateY_effect&quot;:{&quot;unit&quot;:&quot;px&quot;,&quot;size&quot;:-8,&quot;sizes&quot;:[]},&quot;_transform_scale_effect&quot;:{&quot;unit&quot;:&quot;px&quot;,&quot;size&quot;:0.95,&quot;sizes&quot;:[]},&quot;_transform_translateY_effect_tablet&quot;:{&quot;unit&quot;:&quot;px&quot;,&quot;size&quot;:-11,&quot;sizes&quot;:[]},&quot;_transform_translateY_effect_mobile&quot;:{&quot;unit&quot;:&quot;px&quot;,&quot;size&quot;:19,&quot;sizes&quot;:[]},&quot;_transform_scale_effect_mobile&quot;:{&quot;unit&quot;:&quot;px&quot;,&quot;size&quot;:2.5,&quot;sizes&quot;:[]},&quot;_transform_translateX_effect&quot;:{&quot;unit&quot;:&quot;px&quot;,&quot;size&quot;:&quot;&quot;,&quot;sizes&quot;:[]},&quot;_transform_translateX_effect_tablet&quot;:{&quot;unit&quot;:&quot;px&quot;,&quot;size&quot;:&quot;&quot;,&quot;sizes&quot;:[]},&quot;_transform_translateX_effect_mobile&quot;:{&quot;unit&quot;:&quot;px&quot;,&quot;size&quot;:&quot;&quot;,&quot;sizes&quot;:[]},&quot;_transform_scale_effect_tablet&quot;:{&quot;unit&quot;:&quot;px&quot;,&quot;size&quot;:&quot;&quot;,&quot;sizes&quot;:[]}}\" data-widget_type=\"image.default\">\n\t\t\t\t<div class=\"elementor-widget-container\">\n\t\t\t\t\t\t\t\t\t\t\t\t\t\t\t\t<a href=\"http:\/\/elamankruunu.fi\">\n\t\t\t\t\t\t\t<img decoding=\"async\" width=\"7937\" height=\"945\" src=\"https:\/\/elamankruunu.fi\/wp-content\/uploads\/2025\/03\/Nimeton-2100-x-250-mm1.png\" class=\"attachment-full size-full wp-image-793\" alt=\"\" srcset=\"https:\/\/elamankruunu.fi\/wp-content\/uploads\/2025\/03\/Nimeton-2100-x-250-mm1.png 7937w, https:\/\/elamankruunu.fi\/wp-content\/uploads\/2025\/03\/Nimeton-2100-x-250-mm1-300x36.png 300w, https:\/\/elamankruunu.fi\/wp-content\/uploads\/2025\/03\/Nimeton-2100-x-250-mm1-1024x122.png 1024w, https:\/\/elamankruunu.fi\/wp-content\/uploads\/2025\/03\/Nimeton-2100-x-250-mm1-768x91.png 768w, https:\/\/elamankruunu.fi\/wp-content\/uploads\/2025\/03\/Nimeton-2100-x-250-mm1-1536x183.png 1536w, https:\/\/elamankruunu.fi\/wp-content\/uploads\/2025\/03\/Nimeton-2100-x-250-mm1-2048x244.png 2048w\" sizes=\"(max-width: 7937px) 100vw, 7937px\" \/>\t\t\t\t\t\t\t\t<\/a>\n\t\t\t\t\t\t\t\t\t\t\t\t\t\t\t<\/div>\n\t\t\t\t<\/div>\n\t\t\t\t<div class=\"elementor-element elementor-element-1c44bc5 elementor-widget elementor-widget-spacer\" data-id=\"1c44bc5\" data-element_type=\"widget\" data-widget_type=\"spacer.default\">\n\t\t\t\t<div class=\"elementor-widget-container\">\n\t\t\t\t\t\t\t<div class=\"elementor-spacer\">\n\t\t\t<div class=\"elementor-spacer-inner\"><\/div>\n\t\t<\/div>\n\t\t\t\t\t\t<\/div>\n\t\t\t\t<\/div>\n\t\t\t\t<\/div>\n\t\t<div class=\"elementor-element elementor-element-b80e5b7 e-flex e-con-boxed e-con e-parent\" data-id=\"b80e5b7\" data-element_type=\"container\">\n\t\t\t\t\t<div class=\"e-con-inner\">\n\t\t\t\t\t<\/div>\n\t\t\t\t<\/div>\n\t\t<div class=\"elementor-element elementor-element-042990c e-flex e-con-boxed e-con e-parent\" data-id=\"042990c\" data-element_type=\"container\">\n\t\t\t\t\t<div class=\"e-con-inner\">\n\t\t<div class=\"elementor-element elementor-element-a7b421b e-con-full e-flex e-con e-child\" data-id=\"a7b421b\" data-element_type=\"container\">\n\t\t\t\t<div class=\"elementor-element elementor-element-cebdf21 elementor-widget elementor-widget-heading\" data-id=\"cebdf21\" data-element_type=\"widget\" data-widget_type=\"heading.default\">\n\t\t\t\t<div class=\"elementor-widget-container\">\n\t\t\t\t\t<h1 class=\"elementor-heading-title elementor-size-default\">Ylipainehappihoito (mHBOT)<\/h1>\t\t\t\t<\/div>\n\t\t\t\t<\/div>\n\t\t\t\t<div class=\"elementor-element elementor-element-250b96e elementor-widget elementor-widget-text-editor\" data-id=\"250b96e\" data-element_type=\"widget\" data-widget_type=\"text-editor.default\">\n\t\t\t\t<div class=\"elementor-widget-container\">\n\t\t\t\t\t\t\t\t\t<div>\u00a0<\/div><div>OxyPro\u2122-hoidon aikana\u00a0 asiakas istuu tai makaa ylipaineistetussa kammiossa ja hengitt\u00e4\u00e4 maskin tai happiviiksien kautta 93% happea. Kammion paine vastaa 5 metrin syvyytt\u00e4 veden alla.<\/div><div>\u00a0<\/div><div>Korkea paine lis\u00e4\u00e4 hapen liukenemista vereen ja kudoksiin, mik\u00e4 edist\u00e4\u00e4 paranemisprosesseja, kehon kyky\u00e4 imeytt\u00e4\u00e4 happea kudoksiin, poistaa kuona-aineita ja tehostaa solujen uudistumista.<\/div><div>\u00a0<\/div><div><p dir=\"ltr\">Korkeampi happipitoisuus lis\u00e4\u00e4\u00a0 neuroplastisuutta eli aivojen kyky\u00e4 muuttua ja mukautua, jolloin mieli on valmiimpi muutokseen. Alustavien tutkimusten mukaan ylipainehappihoidolla yhdess\u00e4 psykososiaalisten hoitojen kanssa on merkitt\u00e4v\u00e4 hoitovaste pitkittyneeseen traumareaktioon (PTSD=post-traumatic stress disorder).\u00a0 Tutkimusten mukaan mHBOT v\u00e4hent\u00e4\u00e4 merkitt\u00e4v\u00e4sti masennusoireita sek\u00e4 stressi\u00e4 ja haitallista ahdistusta.<\/p><\/div><p dir=\"ltr\">Tutkimusten mukaan mHBOT-hoito parantaa suorituskyky\u00e4 useilla el\u00e4m\u00e4n osa-alueilla.<\/p><p dir=\"ltr\">Tutustu t\u00e4\u00e4lt\u00e4 l\u00e4\u00e4ketieteellisen ylipainehappihoidon mahdollisuuksiin, jotka ovat sovellettavissa terapeuttiseen hieman matalapaineisempaan hoitoon (mHBOT):<\/p><p><a href=\"https:\/\/www.bayareahyperbarics.com\/treatable-diagnoses\" target=\"_blank\" rel=\"noopener\">https:\/\/www.bayareahyperbarics.com\/treatable-<\/a><\/p><p><a href=\"https:\/\/hbot-india.com\/hbot-in-women-infertility\/\" target=\"_blank\" rel=\"noopener\">diagnoseshttps:\/\/hbot-india.com\/hbot-in-women-infertility\/<\/a><\/p>\t\t\t\t\t\t\t\t<\/div>\n\t\t\t\t<\/div>\n\t\t\t\t<\/div>\n\t\t<div class=\"elementor-element elementor-element-055af98 e-con-full e-flex e-con e-child\" data-id=\"055af98\" data-element_type=\"container\">\n\t\t\t\t<div class=\"elementor-element elementor-element-c4712cb elementor-widget elementor-widget-image\" data-id=\"c4712cb\" data-element_type=\"widget\" data-widget_type=\"image.default\">\n\t\t\t\t<div class=\"elementor-widget-container\">\n\t\t\t\t\t\t\t\t\t\t\t\t\t\t\t<img decoding=\"async\" src=\"https:\/\/elamankruunu.fi\/wp-content\/uploads\/2025\/03\/20250321_1306193-scaled.jpg\" title=\"20250321_130619~3\" alt=\"20250321_130619~3\" loading=\"lazy\" \/>\t\t\t\t\t\t\t\t\t\t\t\t\t\t\t<\/div>\n\t\t\t\t<\/div>\n\t\t\t\t<div class=\"elementor-element elementor-element-c682b97 elementor-widget elementor-widget-spacer\" data-id=\"c682b97\" data-element_type=\"widget\" data-widget_type=\"spacer.default\">\n\t\t\t\t<div class=\"elementor-widget-container\">\n\t\t\t\t\t\t\t<div class=\"elementor-spacer\">\n\t\t\t<div class=\"elementor-spacer-inner\"><\/div>\n\t\t<\/div>\n\t\t\t\t\t\t<\/div>\n\t\t\t\t<\/div>\n\t\t\t\t<div class=\"elementor-element elementor-element-dd5750f elementor-align-center elementor-widget elementor-widget-button\" data-id=\"dd5750f\" data-element_type=\"widget\" data-widget_type=\"button.default\">\n\t\t\t\t<div class=\"elementor-widget-container\">\n\t\t\t\t\t\t\t\t\t<div class=\"elementor-button-wrapper\">\n\t\t\t\t\t<a class=\"elementor-button elementor-button-link elementor-size-sm\" href=\"https:\/\/nettiaika.fi\/elamankruunu\" target=\"_blank\">\n\t\t\t\t\t\t<span class=\"elementor-button-content-wrapper\">\n\t\t\t\t\t\t\t\t\t<span class=\"elementor-button-text\">Varaa aika ylipainehappihoitoon<\/span>\n\t\t\t\t\t<\/span>\n\t\t\t\t\t<\/a>\n\t\t\t\t<\/div>\n\t\t\t\t\t\t\t\t<\/div>\n\t\t\t\t<\/div>\n\t\t\t\t<div class=\"elementor-element elementor-element-3b82d8b elementor-widget elementor-widget-heading\" data-id=\"3b82d8b\" data-element_type=\"widget\" data-widget_type=\"heading.default\">\n\t\t\t\t<div class=\"elementor-widget-container\">\n\t\t\t\t\t<h2 class=\"elementor-heading-title elementor-size-default\">Tulethan tuoksutta!\n<\/h2>\t\t\t\t<\/div>\n\t\t\t\t<\/div>\n\t\t\t\t<\/div>\n\t\t\t\t\t<\/div>\n\t\t\t\t<\/div>\n\t\t<div class=\"elementor-element elementor-element-86a3d00 e-flex e-con-boxed e-con e-parent\" data-id=\"86a3d00\" data-element_type=\"container\">\n\t\t\t\t\t<div class=\"e-con-inner\">\n\t\t\t\t<div class=\"elementor-element elementor-element-e777234 elementor-widget elementor-widget-spacer\" data-id=\"e777234\" data-element_type=\"widget\" data-widget_type=\"spacer.default\">\n\t\t\t\t<div class=\"elementor-widget-container\">\n\t\t\t\t\t\t\t<div class=\"elementor-spacer\">\n\t\t\t<div class=\"elementor-spacer-inner\"><\/div>\n\t\t<\/div>\n\t\t\t\t\t\t<\/div>\n\t\t\t\t<\/div>\n\t\t\t\t<div class=\"elementor-element elementor-element-7bbae90 elementor-widget elementor-widget-heading\" data-id=\"7bbae90\" data-element_type=\"widget\" data-widget_type=\"heading.default\">\n\t\t\t\t<div class=\"elementor-widget-container\">\n\t\t\t\t\t<h2 class=\"elementor-heading-title elementor-size-default\">Ylipainehappihoidon (mHBOT) hy\u00f6dyt:\n<\/h2>\t\t\t\t<\/div>\n\t\t\t\t<\/div>\n\t\t\t\t\t<\/div>\n\t\t\t\t<\/div>\n\t\t<div class=\"elementor-element elementor-element-0b1c063 e-flex e-con-boxed e-con e-parent\" data-id=\"0b1c063\" data-element_type=\"container\">\n\t\t\t\t\t<div class=\"e-con-inner\">\n\t\t\t\t<div class=\"elementor-element elementor-element-13d596b elementor-widget elementor-widget-spacer\" data-id=\"13d596b\" data-element_type=\"widget\" data-widget_type=\"spacer.default\">\n\t\t\t\t<div class=\"elementor-widget-container\">\n\t\t\t\t\t\t\t<div class=\"elementor-spacer\">\n\t\t\t<div class=\"elementor-spacer-inner\"><\/div>\n\t\t<\/div>\n\t\t\t\t\t\t<\/div>\n\t\t\t\t<\/div>\n\t\t\t\t\t<\/div>\n\t\t\t\t<\/div>\n\t\t<div class=\"elementor-element elementor-element-d431bc5 e-flex e-con-boxed e-con e-parent\" data-id=\"d431bc5\" data-element_type=\"container\">\n\t\t\t\t\t<div class=\"e-con-inner\">\n\t\t<div class=\"elementor-element elementor-element-5a8ce1d e-con-full e-flex e-con e-child\" data-id=\"5a8ce1d\" data-element_type=\"container\">\n\t\t\t\t<div class=\"elementor-element elementor-element-9de27f2 elementor-widget elementor-widget-text-editor\" data-id=\"9de27f2\" data-element_type=\"widget\" data-widget_type=\"text-editor.default\">\n\t\t\t\t<div class=\"elementor-widget-container\">\n\t\t\t\t\t\t\t\t\t<h5><strong>Kognitiivinen toimintakyky<\/strong><\/h5><p><span style=\"font-weight: 400;\">&gt; tarkkaavaisuus<\/span><\/p><p><span style=\"font-weight: 400;\">&gt; keskittyminen<\/span><\/p><p><span style=\"font-weight: 400;\">&gt;\u00a0 tiedon k\u00e4sittely\u00a0<\/span><\/p><p><span style=\"font-weight: 400;\">&gt; ongelmanratkaisu\u00a0<\/span><\/p><p><span style=\"font-weight: 400;\">&gt;\u00a0 muistitoiminnot<\/span><\/p><p><span style=\"font-weight: 400;\">&gt; voi edist\u00e4\u00e4 neuroplastisuutta<\/span><\/p>\t\t\t\t\t\t\t\t<\/div>\n\t\t\t\t<\/div>\n\t\t\t\t<\/div>\n\t\t<div class=\"elementor-element elementor-element-7768c1f e-con-full e-flex e-con e-child\" data-id=\"7768c1f\" data-element_type=\"container\">\n\t\t\t\t<div class=\"elementor-element elementor-element-f7c831a elementor-widget elementor-widget-text-editor\" data-id=\"f7c831a\" data-element_type=\"widget\" data-widget_type=\"text-editor.default\">\n\t\t\t\t<div class=\"elementor-widget-container\">\n\t\t\t\t\t\t\t\t\t<h5><strong>Suorituskyky ja palautuminen<\/strong><\/h5><p><span style=\"font-weight: 400;\">&gt; v\u00e4hent\u00e4\u00e4 lihasvaurioita <\/span><\/p><p><span style=\"font-weight: 400;\">&gt; edist\u00e4\u00e4 sykkeen ja verenkierron palautumista<\/span><\/p><p><span style=\"font-weight: 400;\">&gt; lievitt\u00e4\u00e4 stressi\u00e4 <\/span><\/p><p><span style=\"font-weight: 400;\">&gt; tukee tunnes\u00e4\u00e4tely\u00e4 <\/span><\/p><p><span style=\"font-weight: 400;\">&gt; auttaa v\u00e4hent\u00e4m\u00e4\u00e4n haitallista ahdistusta <\/span><\/p><p><span style=\"font-weight: 400;\">&gt; aivot\u00e4r\u00e4hdyksen ja tinnituksen kuntoutus<\/span><\/p>\t\t\t\t\t\t\t\t<\/div>\n\t\t\t\t<\/div>\n\t\t\t\t<\/div>\n\t\t<div class=\"elementor-element elementor-element-1a4d626 e-con-full e-flex e-con e-child\" data-id=\"1a4d626\" data-element_type=\"container\">\n\t\t\t\t<div class=\"elementor-element elementor-element-b2e6ca2 elementor-widget elementor-widget-text-editor\" data-id=\"b2e6ca2\" data-element_type=\"widget\" data-widget_type=\"text-editor.default\">\n\t\t\t\t<div class=\"elementor-widget-container\">\n\t\t\t\t\t\t\t\t\t<h5><strong>Hyvinvointi ja uni<\/strong><\/h5><p><span style=\"font-weight: 400;\">&gt; parantaa unen laatua<\/span><\/p><p><span style=\"font-weight: 400;\">&gt; tehostaa solujen uudistumista<\/span><\/p><p><span style=\"font-weight: 400;\">&gt; poistaa kuona-aineita<\/span><\/p><p><span style=\"font-weight: 400;\">&gt; v\u00e4hent\u00e4\u00e4 turvotusta ja tulehdusta<\/span><\/p><p><span style=\"font-weight: 400;\">&gt; parantaa ihon elastisuutta ja ulkon\u00e4k\u00f6\u00e4<\/span><\/p><p><span style=\"font-weight: 400;\">&gt; saattaa lievitt\u00e4\u00e4\u00a0 masennusoireita <\/span><\/p>\t\t\t\t\t\t\t\t<\/div>\n\t\t\t\t<\/div>\n\t\t\t\t<\/div>\n\t\t\t\t\t<\/div>\n\t\t\t\t<\/div>\n\t\t<div class=\"elementor-element elementor-element-fa8062d e-flex e-con-boxed e-con e-parent\" data-id=\"fa8062d\" data-element_type=\"container\">\n\t\t\t\t\t<div class=\"e-con-inner\">\n\t\t\t\t<div class=\"elementor-element elementor-element-766277c elementor-widget elementor-widget-spacer\" data-id=\"766277c\" data-element_type=\"widget\" data-widget_type=\"spacer.default\">\n\t\t\t\t<div class=\"elementor-widget-container\">\n\t\t\t\t\t\t\t<div class=\"elementor-spacer\">\n\t\t\t<div class=\"elementor-spacer-inner\"><\/div>\n\t\t<\/div>\n\t\t\t\t\t\t<\/div>\n\t\t\t\t<\/div>\n\t\t\t\t\t<\/div>\n\t\t\t\t<\/div>\n\t\t<div class=\"elementor-element elementor-element-3f2b057 e-flex e-con-boxed e-con e-parent\" data-id=\"3f2b057\" data-element_type=\"container\">\n\t\t\t\t\t<div class=\"e-con-inner\">\n\t\t\t\t<div class=\"elementor-element elementor-element-2e21069 elementor-widget elementor-widget-text-editor\" data-id=\"2e21069\" data-element_type=\"widget\" data-widget_type=\"text-editor.default\">\n\t\t\t\t<div class=\"elementor-widget-container\">\n\t\t\t\t\t\t\t\t\t<p><em>Hoidon vaste on yksil\u00f6llinen ja riippuu hoitokertojen m\u00e4\u00e4r\u00e4st\u00e4.<\/em><\/p>\t\t\t\t\t\t\t\t<\/div>\n\t\t\t\t<\/div>\n\t\t\t\t\t<\/div>\n\t\t\t\t<\/div>\n\t\t<div class=\"elementor-element elementor-element-00ab234 e-flex e-con-boxed e-con e-parent\" data-id=\"00ab234\" data-element_type=\"container\">\n\t\t\t\t\t<div class=\"e-con-inner\">\n\t\t\t\t<div class=\"elementor-element elementor-element-537691f elementor-widget elementor-widget-spacer\" data-id=\"537691f\" data-element_type=\"widget\" data-widget_type=\"spacer.default\">\n\t\t\t\t<div class=\"elementor-widget-container\">\n\t\t\t\t\t\t\t<div class=\"elementor-spacer\">\n\t\t\t<div class=\"elementor-spacer-inner\"><\/div>\n\t\t<\/div>\n\t\t\t\t\t\t<\/div>\n\t\t\t\t<\/div>\n\t\t\t\t\t<\/div>\n\t\t\t\t<\/div>\n\t\t<div class=\"elementor-element elementor-element-f765ce3 e-flex e-con-boxed e-con e-parent\" data-id=\"f765ce3\" data-element_type=\"container\">\n\t\t\t\t\t<div class=\"e-con-inner\">\n\t\t<div class=\"elementor-element elementor-element-139978b e-con-full e-flex e-con e-child\" data-id=\"139978b\" data-element_type=\"container\">\n\t\t\t\t<div class=\"elementor-element elementor-element-c0e95ff elementor-widget elementor-widget-text-editor\" data-id=\"c0e95ff\" data-element_type=\"widget\" data-widget_type=\"text-editor.default\">\n\t\t\t\t<div class=\"elementor-widget-container\">\n\t\t\t\t\t\t\t\t\t<h4><strong>OxyPro\u2122\u00a0\u00a0 <\/strong><strong>&#8211;\u00a0 ylipainehappihoitoa ei suositella,<\/strong><strong> jos sinulla on:<\/strong><\/h4>\t\t\t\t\t\t\t\t<\/div>\n\t\t\t\t<\/div>\n\t\t\t\t<\/div>\n\t\t<div class=\"elementor-element elementor-element-3650724 e-con-full e-flex e-con e-child\" data-id=\"3650724\" data-element_type=\"container\">\n\t\t\t\t<\/div>\n\t\t\t\t\t<\/div>\n\t\t\t\t<\/div>\n\t\t<div class=\"elementor-element elementor-element-f450201 e-flex e-con-boxed e-con e-parent\" data-id=\"f450201\" data-element_type=\"container\">\n\t\t\t\t\t<div class=\"e-con-inner\">\n\t\t<div class=\"elementor-element elementor-element-4a051ec e-con-full e-flex e-con e-child\" data-id=\"4a051ec\" data-element_type=\"container\">\n\t\t\t\t<div class=\"elementor-element elementor-element-ffdf963 elementor-widget elementor-widget-text-editor\" data-id=\"ffdf963\" data-element_type=\"widget\" data-widget_type=\"text-editor.default\">\n\t\t\t\t<div class=\"elementor-widget-container\">\n\t\t\t\t\t\t\t\t\t<div id=\":16t\" class=\"a3s aiL \"><div><div><div><div><div><ul><li>Hoitamaton ilmarinta (pneumothorax)<\/li><li>Vaikea epa\u0308tasapainoinen astma<\/li><li>Krooninen keuhkosairaus<\/li><li><p>Kemoterapiala\u0308a\u0308kkeet (adriamysiini, sisplatiini ja bleomysiini)<\/p><\/li><li>Syd\u00e4mentahdistin ja syd\u00e4men vajaatoiminta<\/li><li><p>Nuha, korvatulehdus, akuutti sivuontelon tulehdus (sinuiitti)<\/p><\/li><li>Epilepsia<\/li><li><p>Vaikea klaustrofobia<\/p><\/li><li>Raskausaika<\/li><\/ul><p><strong>Huom!<\/strong> Jos olet epa\u0308varma soveltuuko ylipainehappihoito sinulle, varmista omalta la\u0308a\u0308ka\u0308rilt\u00e4si lupa ennen hoitojen ottamista.<\/p><\/div><\/div><\/div><\/div><\/div><p>\u00a0<\/p><\/div>\t\t\t\t\t\t\t\t<\/div>\n\t\t\t\t<\/div>\n\t\t\t\t<\/div>\n\t\t<div class=\"elementor-element elementor-element-66ac0f6 e-con-full e-flex e-con e-child\" data-id=\"66ac0f6\" data-element_type=\"container\">\n\t\t\t\t<\/div>\n\t\t\t\t\t<\/div>\n\t\t\t\t<\/div>\n\t\t<div class=\"elementor-element elementor-element-47ad9dc e-flex e-con-boxed e-con e-parent\" data-id=\"47ad9dc\" data-element_type=\"container\">\n\t\t\t\t\t<div class=\"e-con-inner\">\n\t\t<div class=\"elementor-element elementor-element-1d9b0ae e-con-full e-flex e-con e-child\" data-id=\"1d9b0ae\" data-element_type=\"container\">\n\t\t\t\t<\/div>\n\t\t<div class=\"elementor-element elementor-element-524fc81 e-con-full e-flex e-con e-child\" data-id=\"524fc81\" data-element_type=\"container\">\n\t\t\t\t<div class=\"elementor-element elementor-element-04405c9 elementor-widget elementor-widget-spacer\" data-id=\"04405c9\" data-element_type=\"widget\" data-widget_type=\"spacer.default\">\n\t\t\t\t<div class=\"elementor-widget-container\">\n\t\t\t\t\t\t\t<div class=\"elementor-spacer\">\n\t\t\t<div class=\"elementor-spacer-inner\"><\/div>\n\t\t<\/div>\n\t\t\t\t\t\t<\/div>\n\t\t\t\t<\/div>\n\t\t\t\t<div class=\"elementor-element elementor-element-b1be5f6 elementor-widget elementor-widget-spacer\" data-id=\"b1be5f6\" data-element_type=\"widget\" data-widget_type=\"spacer.default\">\n\t\t\t\t<div class=\"elementor-widget-container\">\n\t\t\t\t\t\t\t<div class=\"elementor-spacer\">\n\t\t\t<div class=\"elementor-spacer-inner\"><\/div>\n\t\t<\/div>\n\t\t\t\t\t\t<\/div>\n\t\t\t\t<\/div>\n\t\t\t\t<\/div>\n\t\t<div class=\"elementor-element elementor-element-37d4eaf e-con-full e-flex e-con e-child\" data-id=\"37d4eaf\" data-element_type=\"container\">\n\t\t\t\t<\/div>\n\t\t\t\t\t<\/div>\n\t\t\t\t<\/div>\n\t\t\t\t<\/div>\n\t\t","protected":false},"excerpt":{"rendered":"<p>Ylipainehappihoito (mHBOT) \u00a0OxyPro\u2122-hoidon aikana\u00a0 asiakas istuu tai makaa ylipaineistetussa kammiossa ja hengitt\u00e4\u00e4 maskin tai happiviiksien kautta 93% happea. Kammion paine [&hellip;]<\/p>\n","protected":false},"author":1,"featured_media":0,"parent":0,"menu_order":0,"comment_status":"closed","ping_status":"closed","template":"","meta":{"om_disable_all_campaigns":false,"site-sidebar-layout":"no-sidebar","site-content-layout":"","ast-site-content-layout":"full-width-container","site-content-style":"default","site-sidebar-style":"default","ast-global-header-display":"","ast-banner-title-visibility":"","ast-main-header-display":"","ast-hfb-above-header-display":"","ast-hfb-below-header-display":"","ast-hfb-mobile-header-display":"","site-post-title":"disabled","ast-breadcrumbs-content":"","ast-featured-img":"disabled","footer-sml-layout":"","theme-transparent-header-meta":"","adv-header-id-meta":"","stick-header-meta":"","header-above-stick-meta":"","header-main-stick-meta":"","header-below-stick-meta":"","astra-migrate-meta-layouts":"default","ast-page-background-enabled":"default","ast-page-background-meta":{"desktop":{"background-color":"var(--ast-global-color-4)","background-image":"","background-repeat":"repeat","background-position":"center center","background-size":"auto","background-attachment":"scroll","background-type":"","background-media":"","overlay-type":"","overlay-color":"","overlay-gradient":""},"tablet":{"background-color":"","background-image":"","background-repeat":"repeat","background-position":"center center","background-size":"auto","background-attachment":"scroll","background-type":"","background-media":"","overlay-type":"","overlay-color":"","overlay-gradient":""},"mobile":{"background-color":"","background-image":"","background-repeat":"repeat","background-position":"center center","background-size":"auto","background-attachment":"scroll","background-type":"","background-media":"","overlay-type":"","overlay-color":"","overlay-gradient":""}},"ast-content-background-meta":{"desktop":{"background-color":"var(--ast-global-color-5)","background-image":"","background-repeat":"repeat","background-position":"center center","background-size":"auto","background-attachment":"scroll","background-type":"","background-media":"","overlay-type":"","overlay-color":"","overlay-gradient":""},"tablet":{"background-color":"var(--ast-global-color-5)","background-image":"","background-repeat":"repeat","background-position":"center center","background-size":"auto","background-attachment":"scroll","background-type":"","background-media":"","overlay-type":"","overlay-color":"","overlay-gradient":""},"mobile":{"background-color":"var(--ast-global-color-5)","background-image":"","background-repeat":"repeat","background-position":"center center","background-size":"auto","background-attachment":"scroll","background-type":"","background-media":"","overlay-type":"","overlay-color":"","overlay-gradient":""}},"footnotes":""},"class_list":["post-682","page","type-page","status-publish","hentry"],"aioseo_notices":[],"_links":{"self":[{"href":"https:\/\/elamankruunu.fi\/index.php\/wp-json\/wp\/v2\/pages\/682","targetHints":{"allow":["GET"]}}],"collection":[{"href":"https:\/\/elamankruunu.fi\/index.php\/wp-json\/wp\/v2\/pages"}],"about":[{"href":"https:\/\/elamankruunu.fi\/index.php\/wp-json\/wp\/v2\/types\/page"}],"author":[{"embeddable":true,"href":"https:\/\/elamankruunu.fi\/index.php\/wp-json\/wp\/v2\/users\/1"}],"replies":[{"embeddable":true,"href":"https:\/\/elamankruunu.fi\/index.php\/wp-json\/wp\/v2\/comments?post=682"}],"version-history":[{"count":122,"href":"https:\/\/elamankruunu.fi\/index.php\/wp-json\/wp\/v2\/pages\/682\/revisions"}],"predecessor-version":[{"id":1392,"href":"https:\/\/elamankruunu.fi\/index.php\/wp-json\/wp\/v2\/pages\/682\/revisions\/1392"}],"wp:attachment":[{"href":"https:\/\/elamankruunu.fi\/index.php\/wp-json\/wp\/v2\/media?parent=682"}],"curies":[{"name":"wp","href":"https:\/\/api.w.org\/{rel}","templated":true}]}}